 -2*q + 8 = 2*q. Calculate the highest common divisor of q and u.
2
Suppose -350 = -5*w + 100. Suppose g - 4*g = -w. What is the highest common divisor of 45 and g?
15
Let d(s) = s**2 - 14*s + 8. Let v be d(11). Let a = 13 - v. Let w be (-2)/(a/20 - 2). What is the highest common divisor of w and 10?
10
Let j be 2/8 - 179/(-4). Suppose y = -y - 20. Let z = 19 + y. What is the highest common divisor of z and j?
9
Suppose -5*g + 33 = -2*p, -p - 2*g + 4 = -2. Let v = 8 + p. Let o be 2/v - (-89)/2. Calculate the highest common divisor of 9 and o.
9
Let z = 25 - -59. What is the highest common factor of z and 28?
28
Let d = 6 + 6. Let k = d - -30. Suppose -45 = -4*h + 3*y, k = 2*h + 2*h - 2*y. Calculate the highest common divisor of 6 and h.
3
Suppose u - 28 = 3*z + 6, 2*z + 81 = 3*u. Calculate the greatest common factor of 275 and u.
25
Suppose 15*v = 19*v - 24. Calculate the greatest common factor of 66 and v.
6
Let a = 7 + -3. Let w = 81 - 45. What is the greatest common factor of w and a?
4
Let a(y) = 16*y**2 + 2*y + 2. Let h be a(-3). What is the highest common factor of h and 28?
28
Suppose 14*d + 131 = 13*d. Let x be (-2)/1 + (6 - d). Calculate the greatest common factor of 54 and x.
27
Suppose -5*j - 17 = -4*x, 2*x - 2*j - 11 = 3*j. Suppose -x*c = -2*v + 217, 2*c - 56 = -v + 42. What is the greatest common divisor of 26 and v?
26
Let n(w) = w**2 + 4*w + 5. Let b be n(-4). Let l = b - 4. What is the highest common factor of 5 and l?
1
Let h be ((-30)/25)/((-6)/75). Calculate the greatest common factor of h and 5.
5
Suppose -10 = 2*o + 4*r, -2*o + 1 = -5*r - 7. Let l be o - -3 - (-27 - -1). Let c be (-2)/(3/(-3*l)). What is the greatest common divisor of c and 7?
7
Let b = 14 + -14. Suppose 3*j - 78 = -b*j. Calculate the greatest common divisor of 13 and j.
13
Let r(a) = a + 11. Let i be 2/5 - 124/10. Let c = i + 7. Let q be r(c). What is the highest common factor of q and 6?
6
Suppose -4 - 4 = -3*v - 2*f, -9 = -3*v - 3*f. Suppose 6*k + 2 - 86 = 0. What is the highest common factor of k and v?
2
Let p(y) = -5*y - 21. Let i be p(-9). Calculate the highest common divisor of i and 6.
6
Suppose x - 8 - 3 = 4*n, -2*n - 58 = -4*x. Calculate the greatest common divisor of x and 30.
15
Let t be (-4)/(-6) + (-712)/(-12). Let u be (t/(-4))/(2/(-6)). Calculate the highest common factor of u and 18.
9
Suppose 0 = -16*q + 9*q + 1232. Let b(y) = 12*y - 2. Let l be b(2). What is the highest common factor of q and l?
22
Suppose -4*x + 2*j + 94 = 0, 0 = 5*x - 0*j + 2*j - 113. Calculate the greatest common divisor of 69 and x.
23
Let h = -86 - -118. What is the greatest common factor of 48 and h?
16
Let u(w) = w + 4 - 5 + 3. Let t be u(2). Calculate the highest common factor of t and 12.
4
Suppose -d = -0*d + 9. Let b be (-60)/(-2)*(-66)/d. What is the greatest common factor of b and 20?
20
Suppose 4*k - 2 + 6 = 0. Let g be (-132)/(-3)*k/(-2). Calculate the greatest common factor of 33 and g.
11
Let k(d) = d - 1. Let c be k(1). Suppose c = -f - 4*f + 45. Calculate the highest common factor of f and 45.
9
Let q(y) = -5*y - 18. Let i be q(-4). What is the highest common factor of i and 2?
2
Suppose -1 = -3*z + 5. Suppose d = 3*g - 2, -z*d + 4*d = 8. Calculate the greatest common factor of 8 and g.
2
Let g(p) = 5*p**2 + 2*p + 1. Let o be g(-1). Let q = 82 + -123. Let a = -21 - q. Calculate the highest common factor of a and o.
4
Let h = -3 - -5. Let g(c) = -c**3 + c + 1. Let r be g(0). Let u be r/2*(-32)/(-4). What is the greatest common divisor of h and u?
2
Suppose 2*n - c - 5 = 0, 0*n - 9 = -4*n + 3*c. Suppose 3*b = 4*m + 19, -5*b + 35 = -2*b + 4*m. Calculate the highest common divisor of n and b.
3
Let c = -10 + 17. Let u be ((-21)/(-2))/(0 - (-12)/56). Calculate the greatest common factor of c and u.
7
Let n(s) = s**2 - 6*s + 18. Let v be n(12). Calculate the highest common divisor of 18 and v.
18
Suppose -5*l + 5 = v, -8*v - 17 = 4*l - 3*v. Suppose 0 = -l*d - 2 + 12. Let b be 4/(-14) + (-72)/(-7). Calculate the highest common divisor of b and d.
5
Let r(u) = -u**3 - 11*u**2 - 11*u - 8. Let k be r(-10). Let o be (1 - (-3 + k)) + 3. Calculate the greatest common divisor of o and 5.
5
Let t = 105 - 53. What is the greatest common divisor of 130 and t?
26
Let z be (-1)/(-5) - 208/(-10). Calculate the highest common divisor of 21 and z.
21
Let c be 1 - 3 - -3*3. Let i = 337 - 29. Suppose 4*g - i = -0*g. Calculate the highest common divisor of c and g.
7
Suppose 3*b + 5*c = 0, -3 + 22 = 2*b - 3*c. Calculate the greatest common factor of 55 and b.
5
Let x be 2/30*-3 + (-546)/(-30). Suppose 7*f - 2*f = 625. Let s be -1 + 2 - (0 - f). What is the highest common divisor of s and x?
18
Suppose -3*v + 14 + 13 = 0. Let o be 244/(-36) + (-2)/v. Let w = o + 22. Calculate the greatest common factor of 15 and w.
15
Suppose 3*w + 2*l + 6 + 16 = 0, -4*l + 36 = -2*w. Let v be w*(1*-2)/4. Suppose -16 = -v*s + s. What is the highest common divisor of 20 and s?
4
Let p(i) = i**3 + 3*i**2 - 2. Let n be p(2). Calculate the greatest common divisor of n and 6.
6
Let o be 0 + (-408)/(-9) + (-1)/3. Calculate the greatest common factor of 60 and o.
15
Suppose 7*k - 5*k - 28 = 0. What is the greatest common factor of k and 154?
14
Suppose 3*k - 250 = -2*k. Suppose 0 = d - 22 + 2. Suppose -5*p - d = -7*p. Calculate the highest common divisor of k and p.
10
Suppose 3*j - 9 = 5*v, 2*j - 5 = 1. Suppose 4*s + v*s = 4. Let p be (-4 - s)/(1/(-1)). Calculate the greatest common divisor of 25 and p.
5
Suppose 2*x = -4*o - x + 36, o - 5*x + 14 = 0. Let n be (-8)/2*3/(-2). What is the highest common factor of n and o?
6
Let o = -8 + 10. Let m be (-6 - o)/((-8)/(-28)). Let w = 40 + m. Calculate the highest common factor of 84 and w.
12
Let x be 2 - (1 - (141 - -2)). Let l = -14 - -32. What is the highest common divisor of x and l?
18
Let r be 2 - ((2 - 4) + 1). Suppose -4*u - o + 227 = -u, -5*o = r*u - 235. Suppose -3*a = 2*a - u. What is the highest common factor of 10 and a?
5
Suppose 772 + 572 = 7*d. What is the greatest common divisor of 16 and d?
16
Let q(w) = -2*w**3 - 3*w**2 + w + 9. Let m be q(-3). Let n = -14 - -36. Calculate the greatest common factor of m and n.
11
Let h(o) = -o**2 + o + 28. Let d be h(0). Let f = d + -6. What is the highest common factor of 11 and f?
11
Let i(q) = -4*q + 8*q**2 + 3*q + q - 6 + 5*q + q**3. Let l be i(-7). Calculate the greatest common divisor of 24 and l.
8
Let w = 19 - 7. Suppose -4*q = -2*q - w. Calculate the highest common factor of q and 24.
6
Let i(x) = 2*x**2 - 2*x - 4. Let a = 4 + -1. Let z be i(a). What is the greatest common factor of 56 and z?
8
Suppose -18 = -4*r + 14. Suppose -12 = t + t. Let b = r + t. Calculate the greatest common divisor of b and 2.
2
Let q(r) = -2*r**2 - 2*r + 2. Let d be q(-2). Let g be 9 - 2*d/4. Suppose -9*f + 237 + 213 = 0. What is the greatest common factor of f and g?
10
Suppose -s + 0*s = 0. Suppose j + 18 = 6*j - 3*b, s = -3*j + 3*b + 6. Suppose -38 - 58 = -4*r. What is the greatest common divisor of r and j?
6
Let o be (-6)/(-15)*20/2. Suppose 5 = w - o. What is the highest common factor of w and 45?
9
Suppose 3 + 3 = 2*a. Let b(i) = i**2 + 3*i - 2. Let l be b(1). Suppose -75 = -l*m - a*m. What is the highest common divisor of m and 75?
15
Let b = 7 - -7. Let u(s) = -s**3 + 13*s**2 - 12*s + 16. Suppose 44 = 2*a + 2*a. Let p be u(a). Calculate the greatest common factor of p and b.
14
Suppose 3*o - 10 = o. Calculate the greatest common factor of o and 1.
1
Let v be 2/(2/1)*13. Suppose 0 = -5*r - b + 113, r = 2*r - 3*b - v. Suppose 55 = -2*o + 165. What is the greatest common factor of r and o?
11
Let i(y) = -y**3 + 2*y**2 - 3*y + 2. Let a be i(-3). What is the greatest common divisor of a and 7?
7
Suppose s - 4*h = 2 - 4, -5*h + 22 = 2*s. Suppose k - 50 = 4*x, k - s*x - 49 = -x. Calculate the greatest common divisor of 6 and k.
6
Let p(w) be the first derivative of w**4/4 - w**2 + w + 2. Let g be p(-2). Let s = g - -7. Calculate the highest common divisor of 12 and s.
4
Let m = 104 + -44. Let i be 1 + 7/1 + -2. What is the greatest common factor of i and m?
6
Let b = -1 - -5. Let f be 114/10 + b/(-10). Suppose 0*h - 4*h = 4*k - 68, 4*h - k - 93 = 0. Calculate the greatest common factor of h and f.
11
Suppose -